168 and 120.
24
What is the greatest common divisor of 5740 and 80?
20
What is the highest common divisor of 1260 and 612?
36
What is the greatest common factor of 50 and 2?
2
What is the highest common factor of 735 and 7?
7
Calculate the greatest common divisor of 876 and 18104.
292
What is the greatest common divisor of 16 and 97456?
16
What is the highest common divisor of 312 and 288?
24
Calculate the highest common factor of 39 and 4251.
39
What is the greatest common factor of 310 and 3565?
155
Calculate the greatest common divisor of 21 and 448.
7
What is the highest common divisor of 477 and 288?
9
Calculate the greatest common divisor of 21 and 27153.
21
Calculate the highest common divisor of 237 and 19829.
79
What is the highest common divisor of 12 and 30792?
12
What is the highest common divisor of 3532 and 4?
4
What is the greatest common divisor of 481 and 37?
37
What is the greatest common factor of 55 and 4895?
55
What is the highest common divisor of 49 and 1519?
49
What is the greatest common divisor of 29 and 551?
29
Calculate the highest common factor of 8 and 52.
4
What is the highest common divisor of 308 and 56?
28
Calculate the highest common divisor of 105 and 231.
21
Calculate the highest common divisor of 29 and 5191.
29
Calculate the highest common divisor of 737 and 536.
67
What is the greatest common divisor of 565 and 20?
5
Calculate the highest common factor of 42 and 6524.
14
What is the greatest common divisor of 30 and 60?
30
Calculate the greatest common factor of 1 and 199.
1
What is the greatest common factor of 7936 and 48?
16
Calculate the greatest common divisor of 21 and 27.
3
Calculate the highest common divisor of 517 and 188.
47
Calculate the greatest common factor of 1274 and 546.
182
What is the greatest common divisor of 77 and 10318?
77
What is the highest common divisor of 451 and 41?
41
What is the highest common divisor of 759 and 33?
33
What is the greatest common divisor of 8729 and 406?
203
What is the highest common divisor of 2793 and 399?
399
What is the highest common factor of 28 and 22?
2
What is the greatest common divisor of 187 and 323?
17
What is the highest common divisor of 30 and 5385?
15
Calculate the highest common divisor of 1649 and 17.
17
Calculate the greatest common divisor of 324 and 1236.
12
Calculate the highest common factor of 560 and 1904.
112
Calculate the greatest common divisor of 288 and 64.
32
What is the highest common factor of 4625 and 37?
37
What is the greatest common divisor of 18 and 5463?
9
Calculate the highest common divisor of 4295 and 5.
5
What is the highest common divisor of 57 and 4389?
57
What is the highest common divisor of 666 and 342?
18
What is the greatest common divisor of 81 and 864?
27
What is the highest common factor of 48 and 640?
16
What is the greatest common divisor of 59 and 177?
59
What is the highest common factor of 106 and 371?
53
Calculate the greatest common divisor of 21 and 28.
7
Calculate the greatest common factor of 16 and 5080.
8
Calculate the greatest common factor of 48 and 339.
3
What is the greatest common factor of 120 and 1320?
120
Calculate the highest common factor of 19 and 57.
19
Calculate the greatest common factor of 86 and 129.
43
Calculate the greatest common divisor of 9 and 2.
1
What is the greatest common divisor of 1917 and 81?
27
Calculate the greatest common divisor of 324 and 72.
36
Calculate the greatest common factor of 2223 and 117.
117
Calculate the greatest common divisor of 84 and 1092.
84
What is the greatest common factor of 106 and 424?
106
Calculate the greatest common divisor of 43408 and 80.
16
Calculate the greatest common divisor of 441 and 9.
9
Calculate the greatest common divisor of 5800 and 3800.
200
What is the highest common divisor of 3523 and 39?
13
Calculate the greatest common divisor of 4 and 98.
2
Calculate the highest common factor of 6 and 174.
6
Calculate the greatest common divisor of 1007 and 53.
53
What is the greatest common factor of 39 and 39?
39
What is the highest common factor of 3 and 321?
3
Calculate the highest common divisor of 1738 and 88.
22
Calculate the highest common factor of 950 and 100.
50
Calculate the highest common divisor of 135 and 65.
5
Calculate the highest common divisor of 35 and 35.
35
Calculate the highest common divisor of 60 and 3.
3
Calculate the highest common divisor of 46339 and 149.
149
Calculate the greatest common divisor of 50 and 5275.
25
What is the greatest common divisor of 21721 and 203?
203
Calculate the greatest common factor of 262 and 3799.
131
Calculate the greatest common factor of 270 and 20.
10
Calculate the greatest common factor of 312 and 416.
104
What is the greatest common factor of 874 and 92?
46
What is the greatest common divisor of 5 and 445?
5
Calculate the highest common factor of 40 and 80.
40
What is the highest common factor of 102 and 3332?
34
Calculate the highest common factor of 153 and 1122.
51
What is the greatest common factor of 1750 and 625?
125
Calculate the greatest common factor of 33 and 44.
11
Calculate the greatest common factor of 2881 and 43.
43
Calculate the highest common divisor of 6 and 9582.
6
Calculate the highest common factor of 196 and 84.
28
Calculate the greatest common factor of 45 and 45.
45
What is the highest common divisor of 224 and 280?
56
Calculate the highest common divisor of 28056 and 21.
21
Calculate the highest common factor of 4 and 6932.
4
What is the highest common factor of 3149 and 2613?
67
Calculate the highest common divisor of 10115 and 210.
35
What is the greatest common factor of 1649 and 194?
97
What is the greatest common factor of 119 and 595?
119
What is the highest common factor of 460 and 15?
5
What is the greatest common factor of 437 and 38?
19
What is the greatest common divisor of 20 and 2930?
10
Calculate the highest common divisor of 163 and 3097.
163
Calculate the highest common factor of 3577 and 803.
73
What is the greatest common factor of 435 and 261?
87
What is the greatest common factor of 98 and 343?
49
Calculate the highest common divisor of 24 and 600.
24
Calculate the highest common factor of 18 and 54.
18
What is the highest common factor of 61 and 61?
61
What is the greatest common factor of 11175 and 75?
75
What is the greatest common factor of 208 and 128?
16
What is the highest common factor of 105 and 987?
21
What is the highest common divisor of 10 and 25?
5
What is the greatest common factor of 82 and 16?
2
Calculate the greatest common divisor of 110 and 945.
5
What is the highest common divisor of 270 and 1260?
90
What is the greatest common divisor of 113 and 3277?
113
What is the greatest common divisor of 492 and 36?
12
Calculate the highest common divisor of 23870 and 220.
110
What is the highest common divisor of 46 and 414?
46
Calculate the greatest common divisor of 54 and 1728.
54
What is the highest common divisor of 4266 and 553?
79
What is the greatest common factor of 54 and 189?
27
What is the greatest common factor of 5391 and 9?
9
Calculate the greatest common divisor of 102 and 32334.
102
What is the greatest common factor of 1311 and 114?
57
What is the greatest common divisor of 968 and 8?
8
Calculate the highest common factor of 8 and 256.
8
What is the greatest common divisor of 17 and 22882?
17
Calculate the highest common factor of 114 and 49286.
38
Calculate the greatest common divisor of 9 and 171.
9
What is the highest common divisor of 11415 and 3?
3
Calculate the highest common divisor of 220 and 484.
44
Calculate the highest common divisor of 280 and 2324.
28
What is the greatest common divisor of 10 and 7795?
5
Calculate the highest common factor of 117 and 728.
13
Calculate the greatest common factor of 550 and 50.
50
Calculate the highest common divisor of 42 and 819.
21
Calculate the greatest common factor of 12 and 556.
4
What is the greatest common factor of 36 and 324?
36
Calculate the greatest common factor of 6154 and 1086.
362
Calculate the highest common divisor of 315 and 720.
45
What is the greatest common divisor of 629 and 17?
17
What is the highest common divisor of 16 and 12256?
16
Calculate the greatest common factor of 3973 and 145.
29
What is the highest common d